when 180 is divided by o.
58
Suppose -3*a + 3*f = -2*a + 180, 0 = 4*a - 4*f + 752. Let q = -121 - a. Calculate the remainder when q is divided by 24.
23
Let y = 2282 + -1450. What is the remainder when ((-21)/14)/((-6)/y) is divided by 42?
40
Suppose -11*h + 918 + 94 = 0. Let o(k) = 2*k**2 + 7*k - 6. Calculate the remainder when h is divided by o(-6).
20
Let b(d) = -9*d - 50. Suppose -w - 4*g = -4*w + 124, -w - g + 39 = 0. Calculate the remainder when w is divided by b(-8).
18
Let t(u) = u**3 + 7*u**2 + 3*u + 5. Let k be t(-5). Suppose 0 = 10*x - 410 - k. What is the remainder when 223 is divided by x?
43
Suppose 5*f = -5*z + 245, 0 = 5*z + 2 - 17. What is the remainder when 398 is divided by f?
30
Let l be (5*(-5)/(-50))/(2/16). Suppose -l*n = -f + 18, 4*f - 121 - 11 = -4*n. Calculate the remainder when 59 is divided by f.
29
Suppose 10*g - 14*g + 6080 = 0. What is the remainder when 2/(-9) + (-3)/((-108)/g) is divided by 23?
19
Suppose -3*y + 3 = -0*y. Let r(c) = -c + 3. Calculate the remainder when r(0) is divided by y.
0
Let r(l) = -l**3 - 44*l**2 + 40*l - 170. What is the remainder when 225 is divided by r(-45)?
5
Calculate the remainder when 193 is divided by 2*(14/14)/(2/13).
11
Suppose 0 = 5*y + 8*n - 3*n - 200, -224 = -5*y + 3*n. What is the remainder when 125 is divided by y?
39
Suppose 0 = 3*k - 4*v - 90, 107 = -11*k + 15*k - v. What is the remainder when 44 is divided by k?
18
Let v(p) = 15*p + 12. Let r be v(-5). Let x = -37 - r. Suppose 7*a = 3*a + 28. Calculate the remainder when x is divided by a.
5
Let u(b) = b**3 + 23*b**2 - 2*b + 550. Calculate the remainder when 351 is divided by u(-24).
21
Let y = -203 - -213. Calculate the remainder when 128 is divided by y.
8
Suppose 55 = q - 0*q. Let i = 176 + -157. Calculate the remainder when q is divided by i.
17
Let m = 1452 + -1377. What is the remainder when 1573 is divided by m?
73
Suppose 777 = 50*l - 473. Calculate the remainder when 168 is divided by l.
18
What is the remainder when 438/8 - 145/(-116) is divided by 19?
18
Let x = -850 - -862. Calculate the remainder when 1762 is divided by x.
10
Let w = 67 + -36. Suppose -4*t = 4, -29 = -5*a + 3*t + 14. What is the remainder when w is divided by a?
7
Let n = -649 - -653. Calculate the remainder when n is divided by 20/50 - 13/(-5).
1
Let l(y) = y**2 + 5*y + 9. Let m be l(-3). Suppose 0 = -m*c + 4*z + 70, -4 = -z + 1. What is the remainder when c is divided by 8?
6
Let l(a) = -217*a - 2. Calculate the remainder when l(-1) is divided by 78.
59
Suppose -6*y + 165 + 123 = 0. Let g(f) = -3*f**2 - 28*f + 9. What is the remainder when y is divided by g(-9)?
12
Let j = -463 - -781. What is the remainder when j is divided by 20?
18
Let l = 11 - -18. Let r = l - 1. Let w = -2922 + 2938. Calculate the remainder when r is divided by w.
12
Let u = -111 - -186. What is the remainder when 89 is divided by u?
14
Suppose 0 = -5*i + 61 + 99. Calculate the remainder when 94 is divided by i.
30
Let k(t) = -9*t - 1. Let d be k(-1). Let p(n) = -n**3 + 7*n**2 + 11*n - 5. What is the remainder when p(d) is divided by -1 + 1 + 2 + 8?
9
Let n = 50 - 49. Let s = -6 - -7. Calculate the remainder when s is divided by n.
0
Let m(w) = w. Let a be m(2). Let b(y) = 4*y + 1. Let t be b(6). Suppose -a*o = 2*f + f - 36, 5*f = -o + t. What is the remainder when 43 is divided by o?
13
Let y = -285 - -301. What is the remainder when y is divided by 10?
6
Let c be (-36)/120 + 9/30. Let i(o) = -7*o + 45. Suppose -4*s - 28 = -2*g, -5*g + s = 5*s - 84. Calculate the remainder when i(c) is divided by g.
13
What is the remainder when 222 - (-2 + 2) - (11 + -14) is divided by 72?
9
Suppose 41 = u + p, 76 = 2*u - 5*p + 4*p. Calculate the remainder when u is divided by (3/(-9))/(6 + 1445/(-240)).
7
Calculate the remainder when 523 is divided by ((-990)/75)/((-28)/(-40) - 1).
39
Suppose -3*r = -3*f + 369, 0 = f - 3*r + 5*r - 135. What is the remainder when f is divided by 16?
15
Let l = -711 + 789. Calculate the remainder when l is divided by 22.
12
Suppose -11*s = -15*s. Suppose s = -0*o + 4*o - 24. What is the remainder when o is divided by 3?
0
Let s(x) = x**2 + 5*x + 8. Suppose 294*t = 297*t + 4*r - 14, -5*t + 2 = -4*r. Calculate the remainder when s(-6) is divided by t.
0
Suppose 32 + 298 = 6*p. Let z = p + -34. Calculate the remainder when z is divided by 11.
10
Suppose -5*j = -28 - 27. Calculate the remainder when 21 is divided by j.
10
Suppose -3*d - 4*r = -34, -5*d - 3*r + 15 = -60. Calculate the remainder when 18 is divided by d.
0
Suppose -5*q + 10*q = 10. Suppose 2*c + 3*u = 7*u + 8, 2*u = -c. Suppose c*l + 0*l - 12 = 0. Calculate the remainder when l is divided by q.
0
Let s(f) be the first derivative of -7*f**2/2 - 7*f - 6. Calculate the remainder when s(-6) is divided by 19.
16
Let q be 3/6 - (-15)/10. Let f = 6 - q. What is the remainder when 14 is divided by f?
2
Let q = 35 + -35. Suppose 2*v + 16 = o - 21, q = 3*o - v - 86. What is the remainder when o is divided by 6?
3
Let z(n) = n**2 - 11*n + 12. Let l be z(8). Let m = 3 - l. What is the remainder when m is divided by 8?
7
Let k = -351 + 368. What is the remainder when 109 is divided by k?
7
Let l be (11/33)/(2/(-318)). Let n = l + 69. What is the remainder when 95 is divided by n?
15
Suppose 5*p - 3 - 52 = 0. Let k be (6/4)/(3*(-7)/(-42)). Calculate the remainder when p is divided by 0 + (k*-4)/(-4).
2
Let r(k) = 296*k + 17. What is the remainder when r(9) is divided by 149?
148
Let k = 408 + -401. Calculate the remainder when 46 is divided by k.
4
Calculate the remainder when 104 is divided by -5*(-1)/(((-10)/(-9))/2).
5
Suppose o - 5*o = 4*t - 72, t - 12 = -4*o. Suppose -7*p = -8*p + t. What is the remainder when 57 is divided by p?
17
Suppose 4*m = -r + 16, 2*r = 62*m - 57*m + 32. What is the remainder when 136 is divided by r?
8
What is the remainder when 109 is divided by (140/(-30))/((-16)/168)?
11
Let b be (2/(-3))/(4/6). Let d(h) = h**3 + 4*h**2 - 3*h + 5. Calculate the remainder when d(-4) is divided by -3 + b/(-2)*26.
7
Suppose -3*t = 2*u - 359, -163 - 13 = -u - 5*t. What is the remainder when u is divided by -3*((-96)/9 - 5)?
40
Let f = 239 - 55. What is the remainder when f is divided by 62?
60
Let z(l) = l**3 - 7*l**2 + 15*l - 8. Calculate the remainder when z(4) is divided by 4.
0
Let c = 241 - 164. Calculate the remainder when 14/c + (-2682)/(-11) + -2 is divided by 27.
26
Let v(o) be the third derivative of o**6/120 + o**5/12 + o**3/3 + 6*o**2. Let p be v(-5). Suppose p*c + 10 = 4*c. What is the remainder when 18 is divided by c?
3
Suppose 5*p + 34 = -5*m - 26, p = 2*m + 33. Let s = m + 18. Suppose 0 = -s*j + 32 - 11. Calculate the remainder when 17 is divided by j.
3
Let g(c) be the first derivative of c**4/4 + 4*c**3/3 + c**2/2 + c - 4. Let i be g(-3). Let y = i + 2. What is the remainder when y is divided by 4?
1
Suppose -3*k + k + 64 = 0. Calculate the remainder when k + (1 - 0 - 5) is divided by 15.
13
Let z(k) = -k + 45. Calculate the remainder when z(17) is divided by -2*1/1 + (19 - 1).
12
Let o = 210 + -184. What is the remainder when 128 is divided by o?
24
Suppose 34*x - 172 = 66. Calculate the remainder when 15 is divided by x.
1
Let r(p) = -p**3 + 3*p**2 - 2*p + 3. Suppose 7*s = 2*s + 40. Let n be 18/s - (-6)/(-24). What is the remainder when 11 is divided by r(n)?
2
Let a be (-4)/10 - (-8)/(-5). Let s = 5424 - 5398. What is the remainder when s is divided by (-1)/(a + (-13)/(-7))?
5
Let g(a) = -164*a - 3. Let t be g(-1). Let h = t + -22. What is the remainder when h is divided by 16?
11
Let y(x) = -x + 6. Let p be y(5). Calculate the remainder when (-11)/33*p/((-1)/87) is divided by 8.
5
What is the remainder when 726 - -8*(11/2 + -6) is divided by 33?
29
Let z(a) = -5*a + 25. Let i be z(6). Calculate the remainder when (-4)/(-22) + (i - (-2896)/44) is divided by 16.
13
Suppose -d = -0 - 4. Suppose 12 = 5*o - 3*g - 23, 3*g = d*o - 31. Suppose -4*m + o*b = -36, -3*m + 47 = b + b. Calculate the remainder when 23 is divided by m.
10
Let f be 4*-2 - (-6)/(-3). Let q = f - -8. Calculate the remainder when (-29)/(0 + q/4) is divided by 15.
13
Let g = 1213 + -1186. Calculate the remainder when 239 is divided by g.
23
Let v = 34 + 16. Suppose 2*n = -i - i + v, 0 = -2*n + 2*i + 